81
In base 9, what is -120 - 18?
-138
In base 14, what is 231 + -b4?
15b
In base 11, what is -11 + 1662?
1651
In base 9, what is -47 + -1161?
-1218
In base 14, what is 2 - b4d12?
-b4d10
In base 10, what is 145500 - -5?
145505
In base 7, what is -2 + 352150?
352145
In base 15, what is -75c3e - -3?
-75c3b
In base 5, what is 30 - 102113?
-102033
In base 2, what is 100 - 111110001111100000?
-111110001111011100
In base 3, what is 10 + 121211001?
121211011
In base 7, what is 1241 + -21012?
-16441
In base 2, what is -10111111110 + -100000?
-11000011110
In base 6, what is -332003 + -455?
-332502
In base 15, what is 4 + 40a43?
40a47
In base 4, what is -333011131 - -33?
-333011032
In base 13, what is -347a6 + 4?
-347a2
In base 10, what is 2 - 2602?
-2600
In base 4, what is 1132 + -1323332?
-1322200
In base 3, what is -11 + 10112201001?
10112200220
In base 3, what is 11 - -1020221112?
1020221200
In base 6, what is -113 - -4551?
4434
In base 11, what is -729 + 94?
-645
In base 13, what is 3 - 38b8?
-38b5
In base 11, what is -58 - 556?
-603
In base 10, what is 10 - -59937?
59947
In base 14, what is 630 - -47?
677
In base 15, what is 506d + 89?
5107
In base 2, what is 1101111000000111 - 1000?
1101110111111111
In base 9, what is 24 - -1656?
1681
In base 9, what is -26 - -536?
510
In base 3, what is 12202 + -1202?
11000
In base 10, what is 3938 + 24?
3962
In base 6, what is 11 - -50230?
50241
In base 13, what is -81b47 + -5?
-81b4c
In base 10, what is -32 + -15985?
-16017
In base 15, what is 13c0 + -1?
13be
In base 3, what is -20121002102 + 12?
-20121002020
In base 7, what is -1063 + 2252?
1156
In base 2, what is -101011100101100 + 100?
-101011100101000
In base 10, what is 0 + 40040?
40040
In base 12, what is -11601 + -2?
-11603
In base 5, what is -344 + 10400?
10001
In base 12, what is 7b9042 + -4?
7b903a
In base 3, what is 20 + 2221202201?
2221202221
In base 2, what is 100110010111001101 - 101?
100110010111001000
In base 12, what is 3ab7 - -5?
3b00
In base 3, what is -20010200212011 - -10?
-20010200212001
In base 15, what is 10d65 - a?
10d5a
In base 2, what is -11 - -1011011000110?
1011011000011
In base 9, what is 5 + -1537740?
-1537734
In base 5, what is -3110 + -1311?
-4421
In base 2, what is 10110000 - 10000000001?
-1101010001
In base 6, what is 41 - -3251?
3332
In base 15, what is -d + -415e?
-416c
In base 16, what is 1753 + -b?
1748
In base 2, what is -100 - -100010110001100?
100010110001000
In base 16, what is -8a7 + a7?
-800
In base 15, what is -51399a + -2?
-51399c
In base 10, what is 133082 - 22?
133060
In base 13, what is a178 - 6?
a172
In base 6, what is 1 - 104434?
-104433
In base 11, what is -5 - 18824?
-18829
In base 5, what is -1424033333 - 4?
-1424033342
In base 3, what is -1201002010001 + 10?
-1201002002221
In base 16, what is -46 - 6bd?
-703
In base 14, what is -555 - 126?
-67b
In base 16, what is f608 + 3?
f60b
In base 11, what is -31 + -600?
-631
In base 5, what is -1241201 - 1?
-1241202
In base 8, what is -135 - 1776?
-2133
In base 16, what is 0 - -10b0a1?
10b0a1
In base 7, what is 1 + 261025?
261026
In base 6, what is -323551 - 0?
-323551
In base 4, what is 1113332 - -11?
1120003
In base 14, what is 10b63 + 0?
10b63
In base 9, what is -268 + -1005?
-1274
In base 4, what is 1032303023 - -10?
1032303033
In base 16, what is -f8 + b96?
a9e
In base 2, what is -101101100110111 + 101?
-101101100110010
In base 10, what is -43 - -385?
342
In base 7, what is 104 + 3363?
3500
In base 15, what is -54e7 + -1e?
-5516
In base 9, what is 81508 + 21?
81530
In base 11, what is -2122 - -13a?
-1a93
In base 12, what is -3284 + -60b?
-3893
In base 7, what is -12045 + -542?
-12620
In base 4, what is 100 + -1302123?
-1302023
In base 16, what is d2 - -aed?
bbf
In base 15, what is 1cba + -5?
1cb5
In base 12, what is -127542 - 1?
-127543
In base 6, what is 1 - -2321?
2322
In base 9, what is 824 + -2151?
-1226
In base 3, what is -20012221 - 212?
-20020210
In base 15, what is -10 + 56ae?
569e
In base 16, what is 23539 - -4?
2353d
In base 3, what is 10 - 21002222221?
-21002222211
In base 2, what is 100101101000100 + -111010?
100101100001010
In base 7, what is -13 + 503355?
503342
In base 7, what is 6 + 1265321?
1265330
In base 14, what is -6 + d69c?
d696
In base 16, what is -3 - -223ff?
223fc
In base 14, what is 1a983 + 1?
1a984
In base 2, what is 1110010 + 100001100?
101111110
In base 14, what is -1038 + -17?
-1051
In base 14, what is -8d + 12?
-7b
In base 6, what is 30214 + 4233?
34451
In base 7, what is 1225566 - -2?
1225601
In base 15, what is 56c7 - 65?
5662
In base 16, what is 3 + -2fd7a?
-2fd77
In base 5, what is 10 - -100324342?
100324402
In base 8, what is -72322 - -10?
-72312
In base 9, what is -18808 - -18?
-18780
In base 6, what is -13350133 + -5?
-13350142
In base 11, what is 207 - -6293?
649a
In base 16, what is 42fb - -2?
42fd
In base 9, what is -3 + 21341?
21337
In base 13, what is -631 - 2c1?
-922
In base 14, what is 13aa + -16c?
123c
In base 9, what is -100 + 171?
71
In base 9, what is 32 + 3112?
3144
In base 9, what is -81 - 322?
-413
In base 15, what is -1 - 44466?
-44467
In base 9, what is -71 - 464?
-545
In base 14, what is -8 + -9b256?
-9b260
In base 7, what is -1 - 12012?
-12013
In base 8, what is 5574 - -207?
6003
In base 2, what is 101011001001 + 1110?
101011010111
In base 3, what is 221 - -12022?
20020
In base 8, what is -15 + 26273?
26256
In base 8, what is 141615 - -5?
141622
In base 7, what is 2 - -205425?
205430
In base 15, what is -baa - 575?
-1230
In base 9, what is -1 - -213318?
213317
In base 12, what is -7 + b648?
b641
In base 13, what is 121741 + -2?
12173c
In base 4, what is -20 - -33211332?
33211312
In base 6, what is 21141 - 2?
21135
In base 7, what is 3 + 10501266?
10501302
In base 5, what is 12122342 + -1?
12122341
In base 16, what is -5 + -30e2?
-30e7
In base 2, what is -11001110001011110 - 100?
-11001110001100010
In base 2, what is 1101000 - 110100111001111?
-110100101100111
In base 5, what is 40202432 + -1?
40202431
In base 2, what is -1101101 - 1111100000111?
-1111101110100
In base 3, what is -1100002021 + -12?
-1100002110
In base 3, what is -2012 + 121221?
112202
In base 10, what is 761385 - 2?
761383
In base 5, what is -33141113 - 3?
-33141121
In base 8, what is -16 + 11172?
11154
In base 16, what is -381eaa + -3?
-381ead
In base 2, what is 101101 - 1000010111110001?
-1000010111000100
In base 11, what is 59a88 - -1?
59a89
In base 13, what is 11a5 + 6b9?
1891
In base 2, what is 101101010 + 101011011?
1011000101
In base 12, what is -100b3 - -4?
-100ab
In base 13, what is -32 + 6397?
6365
In base 14, what is -3 - -79d93?
79d90
In base 16, what is 6bf81 + -3?
6bf7e
In base 7, what is -11 - -116142?
116131
In base 4, what is -2120331 - -3?
-2120322
In base 16, what is c01 - -55?
c56
In base 15, what is 117ea - 0?
117ea
In base 11, what is 2 - -1519a7?
1519a9
In base 5, what is 4 + 330400?
330404
In base 10, what is -48 + 13663?
13615
In base 13, what is -3 - 2b585c?
-2b5862
In base 2, what is 101101 - 1111101?
-1010000
In base 9, what is 71056 + -3?
71053
In base 10, what is -3664 + -10?
-3674
In base 10, what is 129 - 363?
-234
In base 7, what is 1203 - 4312?
-3106
In base 10, what is -1619771 + -3?
-1619774
In base 8, what is 42 - -66?
130
In base 7, what is 30 - -1361?
1421
In base 11, what is 1 - -174590?
174591
In base 14, what is 7 + -5ac?
-5a5
In base 11, what is -10 + -26078?
-26088
In base 2, what is 100 - 1100110000101110?
-1100110000101010
In base 9, what is -8611 - 3?
-8614
In base 15, what is 1c18b + 8?
1c194
In base 2, what is -10100 - 11011011010?
-11011101110
In base 15, what is -3007 - 51?
-3058
In base 12, what is -148 - b40?
-1088
In base 15, what is 2d89 + 5?
2d8e
In base 2, what is 11011011111001001011 - 0?
11011011111001001011
In base 13, what is -61 - -24a?
1b9
In base 5, what is 213 + 1040124?
1040342
In base 11, what is 26 - -3767?
3792
In base 16, what is 42 - 1125?
-10e3
In base 9, what is 132630 + 15?
132645
In base 6, what is -243 + -3344?
-4031
In base 2, what is -1001011000010101 - 100?
-1001011000011001
In base 8, what is 6 + -1007724?
-1007716
In base 3, what is 2101120110 - -2?
2101120112
In base 4, what is 1012 + -12220000?
-12212322
In base 16, what is 1e51 - -a?
1e5b
In base 7, wha